-8 = 2*o, -2*v + 2*o + 882 = -0*v. What is the hundreds digit of v?
4
Suppose -2*g - 2*x + 316 + 84 = 0, 5*x = -4*g + 799. Suppose 7*z - g = 296. What is the tens digit of z?
7
Let c = 5217 - 2162. What is the units digit of c?
5
Suppose -3*q - f - 1125 = 0, -1493 = 5*q - q - f. Let b = -222 - q. What is the units digit of b?
2
Suppose 2*l + 2*b = -3*b + 984, -2*l - b + 992 = 0. What is the units digit of l?
7
Let l = 43 - -32. Let j = l + -52. What is the units digit of j?
3
Let s be 2*(-7)/35 - 24/(-10). Let v(q) = -q - 3. Let p be v(-6). Suppose -p*a - 16 = -3*k + 5, s*a = -5*k + 56. What is the tens digit of k?
1
Suppose 3 = 2*n + z - 2*z, 0 = -3*n + 5*z + 22. Suppose -7*q - 267 = -85. Let s = n - q. What is the tens digit of s?
2
Suppose 5*p - 13 = -4*f + 20, p - 22 = -3*f. Suppose 353 = f*y - 4*y + 4*q, -2*y = -2*q - 254. What is the units digit of y?
3
Suppose -2*x = q + 27, -8 = x - q + 7. What is the units digit of ((-90)/(-7))/((-3)/x)?
0
Let s = 50 - 47. Suppose -s*v + 173 = -y, 0 = 3*y - y - 2. What is the tens digit of v?
5
What is the units digit of 107010/41*(-4)/(-10)?
4
Suppose 4*n + 303 = 1239. What is the units digit of -1 + n/(-1 - -4)?
7
Suppose 9*a - 2933 = -2*l + 10*a, -2*l - 5*a = -2939. What is the thousands digit of l?
1
Suppose k - 3250 = -3*l, 2*k + 2*k = -l + 12967. What is the units digit of k?
1
Let u(l) = -8*l**3 + 2*l - 1. Let j(c) = 25*c**3 + c**2 - 6*c + 4. Let s(o) = -2*j(o) - 7*u(o). Let i be s(-1). What is the tens digit of 2*((-700)/8)/i?
2
Let m = 1 - 2. Let p(j) = -j**3 + 4*j**2 + 3*j + 3. Let o be p(3). What is the tens digit of o/1 - (0 + m)?
2
Let u(q) = q**3 - 2*q**2 - 4*q - 1. Let a be u(3). Let f be (-6 + a)*(-47)/2. Suppose -4*z - l + 188 = 0, -2*l = -5*z - 7*l + f. What is the tens digit of z?
4
Let f(x) = -x**3 - 21*x**2 - 7*x + 26. Let i be f(-21). What is the tens digit of i - (-8)/(20/5)?
7
Let f(d) = -4*d - 39. Let x be f(-11). Suppose 3*h = -2*b - h + 130, x*h - 254 = -4*b. What is the units digit of b?
1
Suppose 17*n + 60 = 19*n. Let z(s) = -s**3 - 9*s**2 + 12*s - 1. Let o be z(-10). Let d = n + o. What is the units digit of d?
9
What is the units digit of ((-2761)/33)/(1/(-3))?
1
Let a(l) = l**2 + 11*l + 2. Let t be a(-11). Suppose -t*p = p. Suppose i + 0*i - 23 = p. What is the tens digit of i?
2
Suppose -8*r - 69 = -5*r. Let x = r - -97. Suppose -3*s = -28 - x. What is the units digit of s?
4
Let v(n) = 21 - 70*n + n**2 + 65*n + 0*n**2. What is the units digit of v(9)?
7
What is the hundreds digit of 1/10 - 38682/(-180)?
2
What is the units digit of (42/(-4))/(101/(-5858))?
9
Suppose 0*u + 5 = -u. Let r = -37 - -47. What is the units digit of 175/r*(-6)/u?
1
Let t be 2233/(-5) + (-21)/(-35). What is the tens digit of (-28)/(-42) + t/(-6)?
7
Suppose 6 = -2*l + 4*l. Suppose 8 = l*i - i. What is the units digit of i?
4
Let j(k) = -k**3 - 2*k - 2*k + 2 - 8*k - 9*k**2 + 0*k**3. What is the units digit of j(-8)?
4
Suppose 0 = 72*t - 75*t + 2553. What is the tens digit of t?
5
Let p(u) = 14*u**3 - 6*u**2 + u + 22. What is the units digit of p(4)?
6
Let s(c) = 2*c**3 + 23*c**2 - 15*c + 17. What is the tens digit of s(-10)?
6
Let w = 2060 + -1429. What is the tens digit of w?
3
Let l be (-724)/(-8)*1*-2. Let w = l - -311. Suppose -370 = -5*p - w. What is the tens digit of p?
4
Suppose -12 = 3*j - 6*x + 3*x, 2*x = -2*j - 4. Let h(m) be the third derivative of -19*m**4/24 - m**3/6 - 117*m**2. What is the tens digit of h(j)?
5
Suppose -2464 = 68*z - 72*z. What is the tens digit of z?
1
Suppose 6*n + 535 = 4003. What is the hundreds digit of n?
5
Let h(k) = 9*k + 6. Let j(v) = 7*v**2 - v - 1. Let d be j(-1). Let n be h(d). Let y = -40 + n. What is the units digit of y?
9
Let j(d) = 7*d**2 + 2*d - 6. Suppose 13*s - 15*s = -6. What is the tens digit of j(s)?
6
Let a(q) = 158*q - 8. Let m be a(3). Suppose 0 = -2*p + m + 16. What is the units digit of p?
1
Suppose -l + 11*l = 20. What is the hundreds digit of 1/(l/386) + 4?
1
Let o(k) = 3*k**3 - 4*k**2 - 12*k + 3. What is the hundreds digit of o(6)?
4
Suppose 977 = 4*r + 3*b, -29 = -3*r - 2*b + 704. What is the hundreds digit of r?
2
Suppose -256 = -75*g + 71*g. Let p = g - 9. What is the units digit of p?
5
Let g be (-2)/14 + 486/21. Let m = g - -11. What is the units digit of m?
4
Let k(x) = -6*x + 19. Let f be k(5). Let g(y) = y**2 + y - 16. What is the units digit of g(f)?
4
Suppose -2*v - 150 + 758 = 2*h, -v + h = -308. What is the units digit of v?
6
Suppose 5*z - 4*g = 22 + 4, z - 5*g = 22. Suppose -z*b + 14 = 2*w - w, 3*b - 3*w - 3 = 0. Suppose 5*y = 20, 114 = 3*l - l + b*y. What is the units digit of l?
7
Suppose j - 1868 = -3*j. What is the hundreds digit of j?
4
Suppose -58 + 693 = -5*p. Let d = -91 - p. What is the tens digit of 99/4 + 9/d?
2
Let z(k) be the second derivative of 0 + 0*k**2 - 1/6*k**4 - 3*k - 4*k**3. What is the units digit of z(-10)?
0
Suppose -626 = -2*z + 164. What is the units digit of z?
5
Suppose -1081 = -3*c + 5*u, -3*c - 2*u - 718 = -5*c. Let w = c + -115. What is the hundreds digit of w?
2
Let h(k) = -5*k**3 - 11*k**2 + 21*k + 7. What is the tens digit of h(-9)?
7
Let b(z) = -21*z + 12. Let w be b(-13). Suppose -i - 4*i = -w. What is the tens digit of i?
5
Suppose -4*c = 5*m - 2614, -4*c = -7*c + m + 1970. What is the hundreds digit of c?
6
Suppose -5*t - 5*n = -3140, -7*n - 1261 = -2*t - 8*n. What is the units digit of t?
3
Suppose v + 5*n - 1552 = 0, 3*n = 4*v - 2*v - 3039. What is the units digit of v?
7
Let n(t) be the first derivative of -5*t**2/2 + 19*t - 11. What is the tens digit of n(-8)?
5
Let x(l) = -l**2 + 14*l + 2. What is the tens digit of x(10)?
4
Suppose -12*u = -23*u + 15114. What is the tens digit of u?
7
Let z(h) = -73*h + 1094. What is the units digit of z(0)?
4
Suppose -8*t + 5*t = -9. Suppose t*g - 2*g - 4 = 0. Suppose a - g = -a. What is the units digit of a?
2
Suppose -3*q - 3*f + 550 = -839, 4*f = 2*q - 956. What is the tens digit of q?
6
Suppose o = -6*b + b + 44, 3*o + 5*b = 112. Suppose y + 17 = o. What is the units digit of y?
7
Let l(y) be the second derivative of -6*y**3 - 4*y**2 + 28*y. What is the tens digit of l(-2)?
6
Let l(f) = -2*f**2 - 2*f + 11. Let x(p) = -8*p**2 - 9*p + 43. Let o(s) = -9*l(s) + 2*x(s). What is the tens digit of o(-4)?
1
Suppose 5*s + 5*j - 35 = 0, 5*s - j - 11 = 6. Suppose -4*n + 62 = -s*m - 226, 0 = -m - 4. What is the tens digit of n?
6
Let d be 1 - (1 + 52/(-2)). Suppose -d + 4 = y. Let m = 4 - y. What is the tens digit of m?
2
Let g = -17 - -21. Let s(a) be the third derivative of 7*a**4/24 - 7*a**3/6 - 8*a**2. What is the tens digit of s(g)?
2
Let z(m) = -m**3 - 17 + 2*m**2 - 6*m**2 + 23 - m + 0*m**3. What is the tens digit of z(-5)?
3
Suppose 38*s = -g + 42*s + 3195, -3*g + 9517 = 5*s. What is the tens digit of g?
7
Let b(u) = -u**3 + 7*u**2 - 9*u - 3. Let w be b(5). Let m(y) = -y**3 + 2*y**2 - 2*y**2 - y**3 + 1 - 4*y**w - 4*y. What is the tens digit of m(-3)?
3
Let d(u) = -u**3 + 4*u**2 - 2*u. Let x be d(3). Let q(p) = -8*p - 10. Let v be q(-3). Suppose -x*f + v = -f. What is the units digit of f?
7
Let n = 21 - 15. What is the tens digit of (-3)/n - -3*(-45)/(-2)?
6
Let s be (-124)/(-8) - (-2)/(-4). Suppose -18*c + 336 = -s*c. What is the units digit of c?
2
Suppose u = 0, 0*u + 5*u = 3*v - 105. What is the units digit of v?
5
Let x(g) = -2*g**3 - 8*g**2 + 2*g + 4. Let w(m) = 3*m**3 + 15*m**2 - 4*m - 9. Let r(o) = -3*w(o) - 5*x(o). What is the tens digit of r(8)?
1
Suppose 31*s = -16*s + 3008. What is the units digit of s?
4
Let t(u) = 4*u - 2. Let d be t(1). Suppose -5*j - d*o + 155 + 219 = 0, j = -5*o + 61. What is the units digit of j?
6
Let d = -16 + 24. Let b = d + -2. What is the units digit of ((-8)/b)/((-3)/36)?
6
Let q be (0/(0 - 4))/(4 + -6). Suppose q = -n + 127 - 14. What is the hundreds digit of n?
1
Let f be (-7)/(-3) + 8/(-24). What is the hundreds digit of (-76)/f*-14*(-3)/(-12)?
1
Let y(f) = -3*f**2 - 3*f + 551. What is the hundreds digit of y(0)?
5
Let l = -56 + 216. Suppose -l + 682 = 2*t. Suppose -4*m + n + t = 2*n, m - 2*n = 72. What is the tens digit of m?
6
Suppose -5*y = -3*z + 126, -z + 5*y + 82 = 30. Suppose -4*m + 3*q + z = 6*q, 4*q = -3*m + 33. What is the units digit of m?
7
Let c(w) = 48*w**3 - 2*w**2 - 18*w + 32. Wha